f 42826616?
2, 7, 557, 1373
List the prime factors of 838659676.
2, 571, 367189
List the prime factors of 31709107.
31709107
List the prime factors of 6724213.
61, 110233
What are the prime factors of 74646875?
5, 23887
What are the prime factors of 1164916162?
2, 17971, 32411
List the prime factors of 728858087.
8419, 86573
What are the prime factors of 157318199?
4357, 36107
List the prime factors of 69793798.
2, 34896899
List the prime factors of 1012633323.
3, 13, 25964957
List the prime factors of 283205532.
2, 3, 23, 29, 41, 863
List the prime factors of 878025914.
2, 439012957
List the prime factors of 4161445894.
2, 47, 71, 623531
List the prime factors of 96245970.
2, 3, 5, 83, 38653
List the prime factors of 11950884.
2, 3, 11, 103, 293
What are the prime factors of 5596706877?
3, 1865568959
What are the prime factors of 50132146?
2, 19, 31, 42557
What are the prime factors of 35269502?
2, 17634751
List the prime factors of 18370396.
2, 11, 417509
List the prime factors of 664719943.
373, 571, 3121
List the prime factors of 2846618385.
3, 5, 13, 109, 199, 673
List the prime factors of 817859679.
3, 7, 13, 2995823
List the prime factors of 139427617.
7, 19918231
What are the prime factors of 45917908?
2, 19, 509, 1187
List the prime factors of 136074294.
2, 3, 7559683
What are the prime factors of 129174695?
5, 13, 1987303
List the prime factors of 1014183913.
41, 379, 65267
List the prime factors of 14607297.
3, 180337
List the prime factors of 1888531071.
3, 7, 17, 1663, 3181
List the prime factors of 263057671.
263057671
List the prime factors of 166827178.
2, 7, 83, 143569
What are the prime factors of 543840856?
2, 13, 2137, 2447
What are the prime factors of 194771868?
2, 3, 191, 84979
List the prime factors of 3363348847.
41687, 80681
What are the prime factors of 23230913?
23230913
List the prime factors of 34508242.
2, 2473, 6977
List the prime factors of 1214577764.
2, 303644441
What are the prime factors of 370776849?
3, 19, 61, 106637
List the prime factors of 56072625.
3, 5, 7, 41, 521
What are the prime factors of 45208682?
2, 53, 71, 6007
What are the prime factors of 835708530?
2, 3, 5, 601, 46351
What are the prime factors of 115250911?
115250911
What are the prime factors of 799045592?
2, 99880699
List the prime factors of 5567470.
2, 5, 61, 9127
List the prime factors of 30911570.
2, 5, 509, 6073
List the prime factors of 693233821.
7, 461, 30689
What are the prime factors of 157284784?
2, 1667, 5897
What are the prime factors of 4467338695?
5, 59, 367, 41263
What are the prime factors of 2152077308?
2, 71, 97, 78121
What are the prime factors of 760721448?
2, 3, 89, 356143
What are the prime factors of 63424551?
3, 269, 78593
What are the prime factors of 581915906?
2, 11, 13, 2034671
List the prime factors of 9445657.
13, 726589
What are the prime factors of 1611243817?
23, 31, 97, 23297
What are the prime factors of 3387194783?
7, 1877, 257797
List the prime factors of 40461467.
29, 1395223
List the prime factors of 365853078.
2, 3, 73, 92809
List the prime factors of 3974122157.
3974122157
List the prime factors of 448910170.
2, 5, 199, 225583
What are the prime factors of 6349787483?
13, 53, 101, 7019
What are the prime factors of 195127929?
3, 19, 23, 49613
What are the prime factors of 51863285?
5, 10372657
List the prime factors of 512556190.
2, 5, 37, 1385287
List the prime factors of 970380264.
2, 3, 7, 17, 339769
List the prime factors of 56871030.
2, 3, 5, 29, 131, 499
What are the prime factors of 8644754085?
3, 5, 11, 31, 1690079
What are the prime factors of 29212685?
5, 5842537
List the prime factors of 3125764164.
2, 3, 8017, 32491
What are the prime factors of 596976077?
1601, 372877
List the prime factors of 1383314219.
7, 197616317
List the prime factors of 176198774.
2, 3373, 26119
What are the prime factors of 20449818?
2, 3, 167, 6803
What are the prime factors of 19462743?
3, 59, 36653
What are the prime factors of 1120521600?
2, 3, 5, 11, 131
List the prime factors of 1932934971.
3, 11, 31, 1889477
List the prime factors of 1796458445.
5, 359291689
List the prime factors of 163741686.
2, 3, 3187, 8563
What are the prime factors of 50242527?
3, 5582503
What are the prime factors of 1852896694?
2, 11, 84222577
What are the prime factors of 216884384?
2, 6777637
List the prime factors of 23846332.
2, 5961583
What are the prime factors of 180217936?
2, 101, 111521
What are the prime factors of 1011424878?
2, 3, 151, 372121
List the prime factors of 4858447219.
4858447219
What are the prime factors of 611446909?
14533, 42073
What are the prime factors of 449784351?
3, 17, 2939767
List the prime factors of 15030392.
2, 13, 43, 3361
List the prime factors of 23544810.
2, 3, 5, 29, 31, 97
List the prime factors of 1383435688.
2, 1913, 90397
List the prime factors of 67401341.
7, 19, 229, 2213
List the prime factors of 128395235.
5, 25679047
What are the prime factors of 46115207?
23, 61, 32869
List the prime factors of 87764441.
31, 439, 6449
List the prime factors of 79035479.
479, 165001
What are the prime factors of 91983722?
2, 643, 71527
List the prime factors of 3858349876.
2, 71, 13585739
List the prime factors of 654905663.
654905663
What are the prime factors of 1802453992?
2, 311, 724459
What are the prime factors of 144826803?
3, 11, 1462897
What are the prime factors of 6085148?
2, 1521287
What are the prime factors of 57515487?
3, 19171829
List the prime factors of 6262355695.
5, 8597, 145687
What are the prime factors of 1249307931?
3, 19, 21917683
What are the prime factors of 45993821?
45993821
What are the prime factors of 3954732468?
2, 3, 47, 7011937
List the prime factors of 749397022.
2, 11, 521, 65381
List the prime factors of 154693601.
1223, 126487
List the prime factors of 1595660.
2, 5, 11, 7253
List the prime factors of 7192760.
2, 5, 179819
List the prime factors of 144747208.
2, 18093401
What are the prime factors of 1190851552?
2, 11, 3383101
What are the prime factors of 360540932?
2, 757, 119069
What are the prime factors of 714924307?
17, 4877, 8623
List the prime factors of 13405402.
2, 2351, 2851
List the prime factors of 2918104293.
3, 13, 74823187
What are the prime factors of 49954376?
2, 139, 167, 269
List the prime factors of 105887372.
2, 26471843
What are the prime factors of 46791?
3, 1733
What are the prime factors of 73463584?
2, 449, 5113
List the prime factors of 33192250.
2, 5, 7, 13, 1459
What are the prime factors of 179760393?
3, 37, 193, 2797
List the prime factors of 619790978.
2, 211, 521, 2819
List the prime factors of 52771604.
2, 17, 193, 4021
What are the prime factors of 2046172745?
5, 89, 4598141
List the prime factors of 166162249.
11, 47, 321397
List the prime factors of 648755092.
2, 2887, 56179
List the prime factors of 742578934.
2, 371289467
What are the prime factors of 1392805262?
2, 31, 227, 98963
List the prime factors of 49819959.
3, 7, 790793
What are the prime factors of 36059698?
2, 18029849
List the prime factors of 23345152.
2, 11399
List the prime factors of 211783185.
3, 5, 109, 43177
What are the prime factors of 298857796?
2, 103, 421, 1723
What are the prime factors of 35712628?
2, 7, 19, 67129
List the prime factors of 212012502.
2, 3, 13, 2718109
List the prime factors of 4475482548.
2, 3, 1433, 260263
What are the prime factors of 520789489?
11, 47344499
What are the prime factors of 46265987?
46265987
What are the prime factors of 200974177?
200974177
List the prime factors of 54332218.
2, 181, 150089
List the prime factors of 92173849.
2897, 31817
What are the prime factors of 47222131?
11, 4292921
List the prime factors of 379058331.
3, 23, 61, 90059
What are the prime factors of 6321901?
6321901
List the prime factors of 2935162542.
2, 3, 13, 43, 643, 1361
List the prime factors of 2284575444.
2, 3, 63460429
List the prime factors of 17549889.
3, 7, 277, 431
What are the prime factors of 255061409?
29, 8795221
List the prime factors of 149619616.
2, 4675613
What are the prime factors of 1466814313?
127, 509, 22691
What are the prime factors of 192179415?
3, 5, 12811961
List the prime factors of 51952043.
11, 13, 41, 8861
List the prime factors of 847739963.
7, 173, 467, 1499
List the prime factors of 1583506